s the thousands digit of m?
1
Let o(b) = 23*b - 24. Let a(m) = 2*m - 5. Suppose 22*q = 23*q - 6. Let l be a(q). What is the tens digit of o(l)?
3
Suppose -5*s + 5*h = h - 60, 0 = -s + 5*h - 9. Let r = 279 - 273. What is the tens digit of (423/r)/((-4)/(s/(-3)))?
9
Let m(r) = r**2 + 7. Let u be m(-3). Suppose d - 2*k = 204, -19*k = -d - u*k + 208. What is the hundreds digit of d?
1
Let m(w) = -9*w + 0*w + 4*w - 2*w + 71. Let l be m(10). What is the units digit of 9/(l*-3) + -7 + 286?
6
Let q(o) = o - 80. Let i be q(-8). What is the hundreds digit of (-308)/i*(0 + 252)?
8
What is the hundreds digit of 1098639/708 + 2/8?
5
Suppose -x + 38 = 3*j, 3*j - 120 = -2*x - x. Suppose 2272 = -x*y + 49*y. What is the units digit of y?
4
Let s = 34 - 40. Let m be 3*(-1 + 0) - s. Let w(b) = b**3 + 8*b**2 - 4*b - 1. What is the units digit of w(m)?
6
Suppose -6*r - 5*l - 10576 = -9*r, 2*r - 2*l = 7044. What is the thousands digit of r?
3
Let x(g) = -363*g - 1992. What is the thousands digit of x(-11)?
2
Suppose 82*u - 83*u + 2 = 0. Suppose u*c - f = 443, -4*f = -c + 72 + 146. What is the units digit of c?
2
Let m(c) = 30*c + 1500. What is the thousands digit of m(16)?
1
Let n be 7/35 - -1*(-24)/(-5). Suppose n*y + 5*m - 1025 = 0, 0 = 2*m + 15 - 17. What is the units digit of y?
4
Let n = 454 + -704. Let y = n - -939. What is the tens digit of y?
8
Let j(a) = a**3 + 36*a**2 - 32*a - 333. What is the units digit of j(-21)?
4
Let c = 30 - 45. Let k(q) = -q**3 - 16*q**2 - 15*q + 7. Let d be k(c). Suppose -d*g - 76 + 531 = 0. What is the units digit of g?
5
Suppose 0 = -170*s + 180*s + 30. What is the hundreds digit of 78507/273 + s/(-7)?
2
Suppose -711 = -g - 2*g + 3*p, -4*g + 2*p = -954. Let d = g + 1. What is the units digit of d?
1
Let t = -5025 - -5503. What is the units digit of t?
8
Suppose f + 21655 = 4*u, 6*u = 9*u + 2*f - 16244. What is the thousands digit of u?
5
Let g(u) = -48 - 23*u + 6 - 1. What is the tens digit of g(-6)?
9
Let s(k) = k**2 + 13*k + 25. Let v be s(-11). Suppose 2*l - 2*n - 209 = -l, v*l + 5*n = 223. What is the tens digit of l?
7
Let j(w) = 0 + 10*w + 10*w**2 - 9*w**2 + 10 + 8. Let a be j(-8). What is the units digit of (-1614)/(-18) - a/(-6)?
0
Suppose -8406 = 4*o - 3*t, -6*o + 4*o + 3*t = 4200. Let z = -1212 - o. What is the hundreds digit of z?
8
Let i be (-1 - 5)/((-16)/1784). Suppose -t + 184 = -i. What is the units digit of t?
3
Suppose 161947 = 4*n + 3*v, 13*v - 14*v = -5. What is the tens digit of n?
8
What is the units digit of ((-260)/6 + -21)/((-1)/522)?
2
Let a be (-3)/12 + 385/(-28). What is the hundreds digit of (-861)/(-6) - (-49)/a?
1
Let z = 30488 - 19611. What is the units digit of z?
7
Suppose 4*f + 10085 = j, 21914 = 3*j - 3*f - 8368. What is the units digit of j?
7
Suppose -x + 4*x + 2*y = 827, -3*x = 4*y - 823. Suppose 3*j + x = 2557. Suppose -160 = -5*q - 2*c + 802, -4*c + j = 4*q. What is the hundreds digit of q?
1
Suppose 3*l - 12641 = -2*k, 14607 - 1970 = 3*l + k. What is the tens digit of l?
1
Let w(u) = u - 1. Let r(l) = 66*l + 81. Let x(s) = -r(s) - 2*w(s). What is the hundreds digit of x(-8)?
4
Suppose -113*m + 108*m + 28390 = -q, 0 = 2*m + 5*q - 11329. What is the thousands digit of m?
5
Let s be 4/((2/(-5))/(6/(-30))). Suppose -k - 35 = -3*f - 10, -f - s*k + 13 = 0. Suppose -f*n + 8*n + 14 = 0. What is the tens digit of n?
1
Suppose -5*l - 3767 + 24677 = 0. What is the hundreds digit of l?
1
Let t = -169 + 843. What is the units digit of t?
4
Let h(a) = -5*a**2 - 2*a + 16. Let v(q) = 6*q**2 + q - 16. Suppose 0*m + 35 = 5*m. Let n(y) = m*h(y) + 6*v(y). What is the units digit of n(-8)?
4
Let j(t) = -t**3 - 35*t**2 + 6*t + 31. What is the thousands digit of j(-36)?
1
Let z = 242 - 242. Suppose 12*u + u - 5343 = z. What is the hundreds digit of u?
4
Suppose 39*u = 327*u - 9722465 - 10911295. What is the tens digit of u?
4
Suppose 3*w = 3*t - 4*t - 43, 2*w - t + 37 = 0. Let u = -14 - w. What is the tens digit of u + 84 + 0/(-4)?
8
Suppose 5*v - 6*v = -2. Suppose -v*f = -4*l - l - 759, 5*l = 3*f - 1141. What is the hundreds digit of f?
3
Suppose -4*d + 112 = -68. Let n = 1197 + -1017. Let x = n - d. What is the hundreds digit of x?
1
Let y be 72/48*2/1. Suppose 4*o - 572 = y*z, 0 = 5*z - 10*z. What is the hundreds digit of o?
1
Let h = 26 - 22. Let u(j) = -h*j - 38 + 5*j - 3*j - j. What is the units digit of u(-15)?
7
Let h(s) = -3 + 12*s**2 - 30 + 72 - 14*s - 13. What is the tens digit of h(10)?
8
Suppose 2*l = -4*l - 34560. Let g be l/(-21) + -5 + 4/(-14). Let n = 570 - g. What is the hundreds digit of n?
3
Suppose 0 = 28*x - 68*x + 240. Let f(z) = 259*z - 182. What is the thousands digit of f(x)?
1
Let c = -99 + 182. Let z = 431 - c. Suppose 5*h = h + 2*i + z, 0 = h - 2*i - 81. What is the units digit of h?
9
Suppose 3*c + 111 = -x, 2*x = -3*c - 0*x - 111. Let n = c + 39. Suppose 4*z + 3*p = 103, n*p = 5*p - 3. What is the tens digit of z?
2
Let p(k) = -k**3 - 42*k**2 - 16*k - 277. What is the units digit of p(-44)?
9
Let m = 9365 - -38263. What is the tens digit of m?
2
Let j = 24 + -34. Let i be (-7464)/(-30) - 2/j. Suppose -2*v - 5*s = -276, -5*v + 441 = 3*s - i. What is the tens digit of v?
3
Suppose -8*m - 189551 - 58961 = -19*m. What is the units digit of m?
2
Let s(x) = 3*x**3 - 2*x**2 - x + 2. Let a be s(1). What is the tens digit of (-3510)/(-9)*a/6*2?
6
Let d = -228 + 233. Suppose 724 = 2*g - 7*k + 2*k, d*g - k - 1810 = 0. What is the hundreds digit of g?
3
Let w = 54904 - 21048. What is the hundreds digit of w?
8
Suppose -5*x = 5*m - 19640, 43*m = -3*x + 39*m + 11789. What is the hundreds digit of x?
9
Let x(b) = -211*b - 2009. Let r be x(-10). Let a be ((-10)/8)/(1/60). Let t = r + a. What is the units digit of t?
6
Let m = 7210 + -5027. Let k = m - 1530. What is the hundreds digit of k?
6
Let c(q) = -q**2 - 17*q - 9. Let p be c(-16). Let f(t) = 6*t - p*t + 2*t - 2 + 2*t**2 + 108*t**3. What is the tens digit of f(1)?
0
Let t = -1863 + 3609. What is the tens digit of t?
4
Let s(u) = u**2 - 12*u - 276. Let a be s(24). Suppose a*n = 12088 + 10340. What is the hundreds digit of n?
8
Let q = -12708 - -27119. What is the units digit of q?
1
Let l be (-39)/(-26) - 19/2. Let o = 214 + -117. Let v = l + o. What is the units digit of v?
9
What is the tens digit of ((-27)/(-15 - 12))/((-1)/(-64769))?
6
Suppose 0 = 2*b + 8, 4*g = 9*g + 4*b + 196. Let n = 39 + g. What is the tens digit of (34/6)/(n - (-240)/(-81))?
5
Let w be ((-21)/14)/((-3)/4). Suppose -w*y + 2*f = -3*f + 115, -4*y = 3*f + 165. What is the tens digit of ((-54)/y)/(2/40)?
2
Suppose -4*j - 3*h + 180 = 0, 0 = j + j + h - 88. What is the tens digit of 6202/j + (-2)/3?
4
Let k be -22255*(-9)/45 + 8. Suppose 3*a + 10*f = 6*f + k, 4*a - 5938 = 2*f. What is the units digit of a?
5
Let v = 12 - 6. Let u(n) = 4*n - 20. Let h be u(v). Suppose -3*d - 4*l + 167 = 0, l + 4*l = -h*d + 223. What is the units digit of d?
7
Suppose -v = q - 7210, -3*v - 2*q = -44*v + 295739. What is the tens digit of v?
1
Let m(g) be the third derivative of -g**6/120 + 31*g**5/60 + 23*g**4/12 + 37*g**3/3 - 13*g**2 - 3. What is the hundreds digit of m(32)?
5
Suppose w - 12 = -8, w + 84561 = 5*x. What is the thousands digit of x?
6
Let f = -4 - -4. Let v(r) = r**3 + 3*r + 704. What is the hundreds digit of v(f)?
7
Let k(c) = 1126*c**2 + 4*c - 4. Let l be k(-3). Suppose 12*d + 698 = l. What is the units digit of d?
5
Let a(c) = 3*c**2 + 117*c + 1355. What is the ten thousands digit of a(81)?
3
Suppose -496 + 98 = -2*b + 3*w, 3*b - 582 = -3*w. Suppose 4*u = g - 497, 2*g - 3*u - b = 798. What is the units digit of g?
7
Let v = -331 - -234. Let i be (-2338)/(-13) - (-20)/130. Let x = i + v. What is the tens digit of x?
8
Let k = 78471 - -12936. What is the tens digit of k?
0
Let a(h) = h**2 + 2*h - 32. Let m be a(-16). Let v be (3/6)/((-4)/m). Let t = v - -50. What is the units digit of t?
6
Let q(l) = 9*l - 13. Let f be q(2). What is the tens digit of (f/(-2))/((-24)/288)?
3
Suppose 11060 = 4*z + 2100. Suppose 0 = 622*s - 627*s + z. What is the units digit of s?
8
Suppose -17160 - 29849 = -189*y - 515. What is the units digit of y?
6
Suppose 0 = 195*f + 83*f - 3345730. What is the thousands digit of f?
2
Suppose -4*r + y = -47568, r + 12*y - 9*y - 11918 = 0. What is the t